ivative of -w**5/30 + w**4/8 - w**3/2 + 3*w**2. Let i be 12/(-4)*(0 - 1). Determine n(i).
-12
Suppose -4*a - 5*j = 32, 9*a + 3 = 4*a + 3*j. Let t(o) be the third derivative of -o**5/60 - 5*o**4/24 - o**3/2 - 36*o**2 + 1. Determine t(a).
3
Suppose a + 20 = 4*f, 3*f - 5*a = 7*f + 4. Let m(p) be the second derivative of 1/12*p**f - 1/2*p**2 + 0 - 1/6*p**3 - p. Determine m(2).
1
Let n be ((-6)/7)/(2/14). Let r(z) = z**3 + 7*z**2 + 6*z + 6. Calculate r(n).
6
Let b be (-5)/(-2) + (-1)/2. Let v be -14*1/b - -1. Let y(r) = r**2 + 6*r - 6. Give y(v).
-6
Let u(l) = -l**3 - 3*l + 857 - 2*l + 6*l**2 - 859. Let y(t) = t + 1. Let f be y(4). Give u(f).
-2
Suppose -4*i = -5*h - 1 + 11, 0 = h - 5*i - 2. Let n(g) = 2*g**3 - 4*g**2 + 2*g. Determine n(h).
4
Suppose -h + 2 + 1 = 0. Let o(t) = -8 - 8 - 4*t + 2 + h*t. Give o(-6).
-8
Let v(u) be the second derivative of u**5/20 - u**4/4 + 12*u. Determine v(3).
0
Let x(h) = -h**3 - 3*h**2 - 3*h - 3. Let r be x(-2). Let k(z) = 6*z. What is k(r)?
-6
Suppose z = -5*p + 24, -2*p - p - 3*z = -24. Let j(i) = 3*i**3 + i - 6*i**3 + 3*i**3 - 5 - i**3 - p*i**2. What is j(-4)?
-9
Let x(b) = b**3 - 4. Let w(i) = 2*i**2 - 3*i**2 + 4*i + i - 4. Let s be w(4). Give x(s).
-4
Let m(b) = -b**2 - 6*b - 4. Let r be m(-4). Suppose -9 = -r*u + 7. Let l = 0 + u. Let o(z) = -z**2 + 5*z - 5. Calculate o(l).
-1
Suppose 2*c - 30 = 7*c. Let x(i) = -2*i**2 - 7*i + 2. Let p(a) = a**2 + 4*a - 1. Let v(w) = -5*p(w) - 2*x(w). Determine v(c).
1
Let j(o) be the third derivative of -1/6*o**3 + 0 - 5/24*o**4 + 0*o + 4*o**2. What is j(1)?
-6
Let f be ((-9)/12)/((-4)/16). Suppose 2*s - 3*z = -7, f*s + z + 12 = 29. Let j(p) = 3*p - 6. Calculate j(s).
6
Suppose 4*w - 31 = -2*n - 9, -2*w = 2*n - 12. Let r(f) = 2 - n - 2 - f. Let k(c) = -c**2 + 12*c - 38. Let y be k(7). What is r(y)?
2
Let t(x) be the first derivative of -2*x**2 - 2. Determine t(-2).
8
Let i be 5/(-4) - 11/(-44). Let z(q) = -6*q**3 - q - 1. Determine z(i).
6
Let b(u) = -2*u**2 - 1 - 4*u - 4*u**2 + u**3 + 6*u + 2*u**2. Give b(2).
-5
Suppose 2*x + 4*x = 6. Let h be 0*1/(-2) + 4. Let l(z) = 1 + x + h*z - 2*z + 0*z. Give l(3).
8
Let o(r) = r**2 + r + 2. Let j be o(0). Suppose -2 = j*m - 4*m. Let h(s) = -7*s**2 + 1. Calculate h(m).
-6
Let i(t) = -1 + t**2 + 1 - 8. Determine i(0).
-8
Let p(q) = -1 - 3*q - q**3 + 5 + 7*q - 2*q**2. What is p(-3)?
1
Let y be (-1 + -2)/(-3) + 1. Let h = 6 - 12. Let m be h/9 + y/(-6). Let l(g) = -7*g**3 - 1. Determine l(m).
6
Let s(k) be the first derivative of k**2/2 - 11*k + 9. Give s(10).
-1
Let z be (42/4)/(42/56). Let o(s) = z - 11 - 10 - s. Calculate o(-5).
-2
Let w(m) = m**2 - 7*m - 5. Suppose -a + 0*a = -7. Calculate w(a).
-5
Let o(w) be the third derivative of 1/60*w**5 - 6*w**2 + 0 - 1/2*w**3 - 1/24*w**4 + 0*w. Let y be 0/(-1*4/2). Calculate o(y).
-3
Let l(y) = y**2 + 4*y - 3. Let f be l(-5). Let a(h) = 6*h**f + 1 + 1 - 1 - h. What is a(1)?
6
Let i(z) be the second derivative of 0 - 7/2*z**2 + 1/6*z**3 - 5*z. What is i(6)?
-1
Let m(u) be the first derivative of u**6/360 - u**5/30 - u**4/6 + u**3 - 3. Let t(n) be the third derivative of m(n). What is t(5)?
1
Let y(i) = -10*i + 6. Let c(n) = 7*n - 4. Let w(j) = 7*c(j) + 5*y(j). Give w(-5).
7
Let z be (0/(4/2))/(-2). Let b(o) = 6 + z - 1 + 6*o**3 - 4. What is b(1)?
7
Let b(p) = -p - 5. Suppose -2*q - 5 = -7*q. Let t be 36/(-8) + q/(-2). Determine b(t).
0
Let q(c) = c + 7. Let m(f) = f**2 - 10*f + 3. Let l be m(9). What is q(l)?
1
Suppose 0*v = s + v, 2*v = -s. Suppose -30 = -5*i - s. Let r(t) = t**2 - 6*t - 4. Calculate r(i).
-4
Let z(c) = 2*c**2 - c - 8*c**2 + 5*c**2 + 2. Determine z(3).
-10
Let i(m) = -m**3 + 6*m**2 + m - 8. Suppose 3*b + 0*b = 18. Give i(b).
-2
Let i(v) = -v**3 - 3*v**2 + 6*v + 13. Let f be i(-4). Let z(j) = j. What is z(f)?
5
Let s(w) = w**2 - 5*w + 3. Suppose 0 = 4*t - 2 - 2. Let u be (-4 - -5)*t*3. Determine s(u).
-3
Let k(s) be the first derivative of s**3/3 - s**2 + 2. Suppose 0 = 4*z + 5*t + 4, 5 = z + 4*t - 5. Let b = 10 + z. Calculate k(b).
8
Let j(h) = -h**3 - 3*h**2 - 3. Let b = 32 + -35. Give j(b).
-3
Let p(g) = -2*g**2 - 9*g + 1. Let t(i) = -5*i**2 - 26*i + 2. Suppose -2*f + f = 4*j + 9, -4*j - 15 = -f. Let r(q) = f*t(q) - 8*p(q). Calculate r(7).
5
Let v(z) be the third derivative of z**6/60 - z**5/15 + z**4/12 + z**2. Let p be v(2). Let c(b) = -b**3 + 3*b**2 + 3*b + 3. Calculate c(p).
-1
Suppose 0 = -18*k + 23*k. Let m(q) = q - 7. Give m(k).
-7
Let t = -4 + -1. Let a = t + 2. Let b(x) = 8*x**2 - 3*x + 17. Let o(m) = 3*m**2 - m + 6. Let j(y) = 4*b(y) - 11*o(y). What is j(a)?
-4
Let y(b) = -b - 9. Let h be y(-10). Let a = 4 - h. Let f(m) = -1 - 1 + 4 - m. Determine f(a).
-1
Let w be -3 - (-4 + -1) - 0. Let p(o) = 2 - o + o**2 - 2*o + 3*o**w - 5*o**2. Give p(-3).
2
Let s = 31 + -22. Let y(h) = -h**3 + 10*h**2 - 10*h + 6. Determine y(s).
-3
Let r(c) = 6*c**3 + c**2 + c - 1. Let l = -6 + -4. Let v be (1/(-5))/(2/l). Determine r(v).
7
Let b(u) = -u**3 + 3*u**2 + u - 2. Let w be b(3). Let i(d) = -20 - 5*d**2 + 5*d**2 + 19 - 4*d**2. Calculate i(w).
-5
Let a(d) be the first derivative of -d**2 - 4*d + 27. Suppose 4 = y, 18 = -0*h - 2*h + 3*y. What is a(h)?
2
Let z = -16 - -21. Suppose z*n - w - 1 = 0, 3*n + w - 23 = -4*w. Let x(h) be the third derivative of h**5/30 - h**2. Give x(n).
2
Let r(f) = -f**3 - 5*f**2 - 5*f - 2. Let y(n) = n + 8. Let p be y(-6). Let x(t) = -t**2 - 4*t - 3. Let b be x(-2). Suppose b + 7 = -p*s. Determine r(s).
2
Let v be 28 - 22 - (1 + 4). Let u(f) be the second derivative of -5*f**4/24 + f**3/6 - f**2/2 + f. Let t(r) be the first derivative of u(r). What is t(v)?
-4
Let r(a) = -3 - 1 + 4*a + 1. Let n(m) = -3*m - 30. Let u be n(-9). What is r(u)?
-15
Let d(t) be the first derivative of -7 + t**4 - 1/2*t**2 + 0*t**3 + t. Calculate d(1).
4
Let c(s) = s**2 + s - 1. Let d be c(0). Let w(a) = -a**2 - a - 1. Give w(d).
-1
Let f(j) = -5*j + 1. Let v(y) = y. Let d be 2*(-3)/(-12)*2. Let u(r) = d*f(r) + 6*v(r). Determine u(-5).
-4
Let w(i) = i**2 + i. Let x be w(-1). Suppose x = -n - 3. Let t(o) = -2*o. Give t(n).
6
Let i(a) = -a**3 + 590*a + 0*a**3 - 1 - 587*a. Let s(c) = c**3 - 6*c**2 + 4*c + 7. Let n be s(5). Give i(n).
-3
Let r = -4 + 3. Let o(z) = -4*z + 2*z - z**2 - z**3 + z. Calculate o(r).
1
Let s(p) = -p**2 - p + 2. Suppose -3*n = -u + 1, -u - 9 + 0 = 2*n. Let i = u - -2. Determine s(i).
-4
Let j(v) = -3*v - 14. Let p(u) = -7*u - 29. Let q(t) = -9*j(t) + 4*p(t). What is q(9)?
1
Let k(d) = -d**2 - 6*d - 2. Let l = -19 + 27. Let p = -13 + l. Determine k(p).
3
Let f = 10 + -5. Let p be -1 + f/3*3. Let x(j) be the third derivative of -j**6/120 + j**5/12 - j**4/4 + 5*j**3/6 - j**2. What is x(p)?
-3
Let d(j) be the third derivative of j**4/8 + 11*j**2. Determine d(-1).
-3
Let x(l) = 2*l**3 + 4*l**2 + 3*l - 7. Let j(f) = 7*f - 5 - f**3 + 8*f**2 - 9 + 4*f**3. Let p(z) = -3*j(z) + 5*x(z). Determine p(5).
2
Let c(z) = 2*z**2 + 7*z**2 - 8*z**2 - 9*z + 0*z**2 + 4. Give c(7).
-10
Let f(w) = -w. Let z(d) = -1 - 3*d**2 + 5*d**2 - d**2 - 6*d. Let h(x) = 5*f(x) - z(x). Let n be (-3)/2 - 3/(-6). What is h(n)?
-1
Let s(x) = -5*x - 1. Let v(y) = 21*y + 4. Let i(r) = -26*s(r) - 6*v(r). Let h(j) = -9*j - 5. Let k(g) = -6*h(g) - 14*i(g). Let c = 13 - 9. Calculate k(c).
-6
Let b(k) = k**2 - 5*k. Let p = 41 - 34. What is b(p)?
14
Suppose q + 11 = 3*y, -4*q - 35 + 12 = -5*y. Let v = y - 0. Let a(f) = 0*f**v - 3*f**2 - f**3 + 7 + f + 3*f**2. What is a(0)?
7
Let t(u) = 3*u**3 - u**2 + 3*u - 8. Let b(h) = -10*h**3 + 4*h**2 - 10*h + 23. Let r(k) = 2*b(k) + 7*t(k). Suppose x - 5*x = 0. What is r(x)?
-10
Let q(n) = n**2 + n + 1. Let g be q(-2). Let b(v) = v**3 - 5*v**2 + 2*v - 1. Calculate b(g).
-13
Let o(r) = 5*r - 1. Let t be o(1). Let u(g) = g**2 - 8 - t*g - g + 4*g. Determine u(0).
-8
Let y(r) = -6 - r - 3*r**2 - 8*r**3 + 7 + 2*r**2. Let l(q) = -q**3 - 7*q**2 - 2*q - 10. Let j be l(-7). Suppose -9*c + 5 = -j*c. Calculate y(c).
-9
Let l(n) = 3*n - 3. Let j(r) = r**2. Let i(y) = j(y) + l(y). Suppose -2*w = 6 - 0. Give i(w).
-3
Let p be (-9 - (-1)/1)/2. Let u(a) = a + 1. Let z(q) = 6*q - 16. Let j(d) = -d + 3. Let h(v) = 22*j(v) + 4*z(v). Let o(b) = -4*h(b) + 6*u(b). Calculate o(p).
6
Let b(u) = -2*u + 0 - u**2 - 7*u + 3*u + 7. Give b(-6).
7
Let s = -4 + 2. Let c = 8 + s. Suppose 5*r = -9 -